{"id":590,"date":"2019-03-08T07:02:16","date_gmt":"2019-03-08T07:02:16","guid":{"rendered":"https:\/\/woostify.com\/demos\/fashion1\/?page_id=590"},"modified":"2023-08-01T18:06:41","modified_gmt":"2023-08-01T18:06:41","slug":"shop-full-width","status":"publish","type":"page","link":"https:\/\/carporty.pl\/index.php\/shop-full-width\/","title":{"rendered":"Shop Full Width"},"content":{"rendered":"\t\t<div data-elementor-type=\"wp-post\" data-elementor-id=\"590\" class=\"elementor elementor-590\">\n\t\t\t\t\t\t<section class=\"elementor-section elementor-top-section elementor-element elementor-element-9b73450 elementor-section-full_width elementor-section-height-default elementor-section-height-default\" data-id=\"9b73450\" data-element_type=\"section\">\n\t\t\t\t\t\t<div class=\"elementor-container elementor-column-gap-default\">\n\t\t\t\t\t<div class=\"elementor-column elementor-col-100 elementor-top-column elementor-element elementor-element-e4d35eb\" data-id=\"e4d35eb\" data-element_type=\"column\">\n\t\t\t<div class=\"elementor-widget-wrap elementor-element-populated\">\n\t\t\t\t\t\t<div class=\"elementor-element elementor-element-ecb9792 elementor-widget elementor-widget-shortcode\" data-id=\"ecb9792\" data-element_type=\"widget\" data-widget_type=\"shortcode.default\">\n\t\t\t\t<div class=\"elementor-widget-container\">\n\t\t\t\t\t<div class=\"elementor-shortcode\"><div class=\"woocommerce columns-3 \"><div class=\"woostify-sorting\"><div class=\"woocommerce-notices-wrapper\"><\/div>\t\t<div class=\"woostify-toolbar-left\">\n\t\t\t\t<button id=\"toggle-sidebar-mobile-button\" class=\"filter\">\n\t\t\t<span class=\"woostify-svg-icon icon-filter\"><svg version=\"1.1\" xmlns=\"http:\/\/www.w3.org\/2000\/svg\" xmlns:xlink=\"http:\/\/www.w3.org\/1999\/xlink\" width=\"17\" height=\"17\" viewBox=\"0 0 17 17\">\n<g>\n<\/g>\n\t<path d=\"M0.54 0l6.46 9.229v7.771h3v-7.771l6.46-9.229h-15.92zM9 8.914v7.086h-1v-7.086l-5.54-7.914h12.080l-5.54 7.914z\" fill=\"#000000\" \/>\n<\/svg>\n<\/span>\t\t\tFilter<\/button>\n\t\t<p class=\"woocommerce-result-count\">\n\tWy\u015bwietlanie jednego wyniku<\/p>\n\t\t<\/div>\n\t\t<form class=\"woocommerce-ordering\" method=\"get\">\n\t<select name=\"orderby\" class=\"orderby\" aria-label=\"Zam\u00f3wienie\">\n\t\t\t\t\t<option value=\"menu_order\"  selected='selected'>Domy\u015blne sortowanie<\/option>\n\t\t\t\t\t<option value=\"popularity\" >Sortuj wg popularno\u015bci<\/option>\n\t\t\t\t\t<option value=\"rating\" >Sortuj wg \u015bredniej oceny<\/option>\n\t\t\t\t\t<option value=\"date\" >Sortuj od najnowszych<\/option>\n\t\t\t\t\t<option value=\"price\" >Sortuj po cenie od najni\u017cszej<\/option>\n\t\t\t\t\t<option value=\"price-desc\" >Sortuj po cenie od najwy\u017cszej<\/option>\n\t\t\t<\/select>\n\t<input type=\"hidden\" name=\"paged\" value=\"1\" \/>\n\t<\/form>\n<\/div>\t\t<ul class=\"products columns-3 tablet-columns-2 mobile-columns-2\">\n\t\t<li class=\"product type-product post-6441 status-publish first instock product_cat-uncategorized has-post-thumbnail sale shipping-taxable purchasable product-type-simple\">\n\t\t\t<div class=\"product-loop-wrapper\">\n\t\t<div class=\"product-loop-image-wrapper\">\t\t\t<span class=\"woostify-tag-on-sale onsale sale-left\">\n\t\t\t\t-12%\t\t\t<\/span>\n\t\t\t\t\t<div class=\"product-loop-action\"><div class=\"tinv-wraper woocommerce tinv-wishlist tinvwl-shortcode-add-to-cart tinvwl-woostify_product_loop_item_action_item\"\n\t data-tinvwl_product_id=\"6441\">\n\t<div class=\"tinv-wishlist-clear\"><\/div><a role=\"button\" tabindex=\"0\" name=\"dodaj-do-listy-zyczen\" aria-label=\"Dodaj do Listy \u017cycze\u0144\" class=\"tinvwl_add_to_wishlist_button tinvwl-icon-heart  tinvwl-position-after\" data-tinv-wl-list=\"[]\" data-tinv-wl-product=\"6441\" data-tinv-wl-productvariation=\"0\" data-tinv-wl-productvariations=\"[]\" data-tinv-wl-producttype=\"simple\" data-tinv-wl-action=\"add\"><span class=\"tinvwl_add_to_wishlist-text\">Dodaj do Listy \u017cycze\u0144<\/span><\/a><div class=\"tinv-wishlist-clear\"><\/div>\t\t<div\n\t\tclass=\"tinvwl-tooltip\">Dodaj do Listy \u017cycze\u0144<\/div>\n<\/div>\n<\/div>\n\t\t<a href=\"https:\/\/carporty.pl\/index.php\/product\/wiata-samochodowa-z-metalu-arb\/\" class=\"woocommerce-LoopProduct-link woocommerce-loop-product__link\">\t\t\t\t<span class=\"product-loop-hover-image\" style=\"background-image: url(https:\/\/carporty.pl\/wp-content\/uploads\/2024\/04\/Wiata-samochodowa-carport-ARB-zadaszenie-samochodu-wiata-garazowa-wiaty-8-600x600.jpg?v=1715545473);\"><\/span>\n\t\t\t\t<img fetchpriority=\"high\" decoding=\"async\" width=\"600\" height=\"600\" src=\"https:\/\/carporty.pl\/wp-content\/uploads\/2024\/04\/wiaty-samochodowe-2-600x600.jpeg?v=1715545487\" class=\"attachment-woocommerce_thumbnail size-woocommerce_thumbnail product-loop-image\" alt=\"Product image\" srcset=\"https:\/\/carporty.pl\/wp-content\/uploads\/2024\/04\/wiaty-samochodowe-2-600x600.jpeg?v=1715545487 600w, https:\/\/carporty.pl\/wp-content\/uploads\/2024\/04\/wiaty-samochodowe-2-300x300.jpeg?v=1715545487 300w, https:\/\/carporty.pl\/wp-content\/uploads\/2024\/04\/wiaty-samochodowe-2-1024x1024.jpeg?v=1715545487 1024w, https:\/\/carporty.pl\/wp-content\/uploads\/2024\/04\/wiaty-samochodowe-2-150x150.jpeg?v=1715545487 150w, https:\/\/carporty.pl\/wp-content\/uploads\/2024\/04\/wiaty-samochodowe-2-768x768.jpeg?v=1715545487 768w, https:\/\/carporty.pl\/wp-content\/uploads\/2024\/04\/wiaty-samochodowe-2-100x100.jpeg?v=1715545487 100w, https:\/\/carporty.pl\/wp-content\/uploads\/2024\/04\/wiaty-samochodowe-2.jpeg?v=1715545487 1080w\" sizes=\"(max-width: 600px) 100vw, 600px\" \/><\/a><\/div><div class=\"product-loop-content text-center\">\t\t<h2 class=\"woocommerce-loop-product__title\">\n\t\t\t<a href=\"https:\/\/carporty.pl\/index.php\/product\/wiata-samochodowa-z-metalu-arb\/\" class=\"woocommerce-LoopProduct-link woocommerce-loop-product__link\">Wiata samochodowa z metalu ARB<\/a>\t\t<\/h2>\n\t\t<div class=\"product-loop-meta no-transform\"><div class=\"animated-meta\">\t\t\t<span class=\"price\"><del aria-hidden=\"true\"><span class=\"woocommerce-Price-amount amount\"><span class=\"woocommerce-Price-currencySymbol\">&#122;&#322;<\/span>25,000.00<\/span><\/del> <span class=\"screen-reader-text\">Original price was: &#122;&#322;25,000.00.<\/span><ins aria-hidden=\"true\"><span class=\"woocommerce-Price-amount amount\"><span class=\"woocommerce-Price-currencySymbol\">&#122;&#322;<\/span>22,000.00<\/span><\/ins><span class=\"screen-reader-text\">Current price is: &#122;&#322;22,000.00.<\/span><\/span>\n\t\t\t<a href=\"?add-to-cart=6441\" data-quantity=\"1\" class=\"loop-add-to-cart-btn button product_type_simple add_to_cart_button ajax_add_to_cart\" data-product_id=\"6441\" data-product_sku=\"\" title=\"Dodaj do koszyka: &bdquo;Wiata samochodowa z metalu ARB&rdquo;\" rel=\"nofollow\"><span class=\"woostify-svg-icon icon-shopping-cart-2\"><svg\n   xmlns:dc=\"http:\/\/purl.org\/dc\/elements\/1.1\/\"\n   xmlns:cc=\"http:\/\/creativecommons.org\/ns#\"\n   xmlns:rdf=\"http:\/\/www.w3.org\/1999\/02\/22-rdf-syntax-ns#\"\n   xmlns:svg=\"http:\/\/www.w3.org\/2000\/svg\"\n   xmlns=\"http:\/\/www.w3.org\/2000\/svg\"\n   xmlns:sodipodi=\"http:\/\/sodipodi.sourceforge.net\/DTD\/sodipodi-0.dtd\"\n   xmlns:inkscape=\"http:\/\/www.inkscape.org\/namespaces\/inkscape\"\n   version=\"1.1\"\n   width=\"17\"\n   height=\"17\"\n   viewBox=\"0 0 17 17\"\n   id=\"svg50\"\n   sodipodi:docname=\"shopping-cart-2.svg\"\n   inkscape:version=\"1.0.2-2 (e86c870879, 2021-01-15)\">\n  <metadata\n     id=\"metadata56\">\n    <rdf:RDF>\n      <cc:Work\n         rdf:about=\"\">\n        <dc:format>image\/svg+xml<\/dc:format>\n        <dc:type\n           rdf:resource=\"http:\/\/purl.org\/dc\/dcmitype\/StillImage\" \/>\n        <dc:title><\/dc:title>\n      <\/cc:Work>\n    <\/rdf:RDF>\n  <\/metadata>\n  <defs\n     id=\"defs54\" \/>\n  <sodipodi:namedview\n     pagecolor=\"#ffffff\"\n     bordercolor=\"#666666\"\n     borderopacity=\"1\"\n     objecttolerance=\"10\"\n     gridtolerance=\"10\"\n     guidetolerance=\"10\"\n     inkscape:pageopacity=\"0\"\n     inkscape:pageshadow=\"2\"\n     inkscape:window-width=\"2400\"\n     inkscape:window-height=\"1271\"\n     id=\"namedview52\"\n     showgrid=\"false\"\n     inkscape:zoom=\"48.823529\"\n     inkscape:cx=\"8.5\"\n     inkscape:cy=\"8.5\"\n     inkscape:window-x=\"2391\"\n     inkscape:window-y=\"-9\"\n     inkscape:window-maximized=\"1\"\n     inkscape:current-layer=\"svg50\" \/>\n  <g\n     id=\"g46\"\n     transform=\"matrix(-1,0,0,1,16.926,0)\" \/>\n  <path\n     d=\"m 14.176,12.5 c 0.965,0 1.75,0.785 1.75,1.75 0,0.965 -0.785,1.75 -1.75,1.75 -0.965,0 -1.75,-0.785 -1.75,-1.75 0,-0.965 0.785,-1.75 1.75,-1.75 z m 0,2.5 c 0.414,0 0.75,-0.337 0.75,-0.75 0,-0.413 -0.336,-0.75 -0.75,-0.75 -0.414,0 -0.75,0.337 -0.75,0.75 0,0.413 0.336,0.75 0.75,0.75 z m -8.5,-2.5 c 0.965,0 1.75,0.785 1.75,1.75 0,0.965 -0.785,1.75 -1.75,1.75 -0.965,0 -1.75,-0.785 -1.75,-1.75 0,-0.965 0.785,-1.75 1.75,-1.75 z m 0,2.5 c 0.414,0 0.75,-0.337 0.75,-0.75 0,-0.413 -0.336,-0.75 -0.75,-0.75 -0.414,0 -0.75,0.337 -0.75,0.75 0,0.413 0.336,0.75 0.75,0.75 z M 3.555,2 3.857,4 H 17 l -1.118,8.036 H 3.969 L 2.931,4.573 2.695,3 H -0.074 V 2 Z M 4,5 4.139,6 H 15.713 L 15.852,5 Z M 15.012,11.036 15.573,7 H 4.278 l 0.561,4.036 z\"\n     fill=\"#000000\"\n     id=\"path48\" \/>\n<\/svg>\n<\/span>Zam\u00f3w<\/a><span id=\"woocommerce_loop_add_to_cart_link_describedby_6441\" class=\"screen-reader-text\">\n\t<\/span>\n<div class=\"tinv-wraper woocommerce tinv-wishlist tinvwl-after-add-to-cart tinvwl-loop-button-wrapper tinvwl-woocommerce_after_shop_loop_item\"\n\t data-tinvwl_product_id=\"6441\">\n\t<div class=\"tinv-wishlist-clear\"><\/div><a role=\"button\" tabindex=\"0\" name=\"dodaj-do-listy-zyczen\" aria-label=\"Dodaj do Listy \u017cycze\u0144\" class=\"tinvwl_add_to_wishlist_button tinvwl-icon-heart  tinvwl-position-after tinvwl-loop\" data-tinv-wl-list=\"[]\" data-tinv-wl-product=\"6441\" data-tinv-wl-productvariation=\"0\" data-tinv-wl-productvariations=\"[]\" data-tinv-wl-producttype=\"simple\" data-tinv-wl-action=\"add\"><span class=\"tinvwl_add_to_wishlist-text\">Dodaj do Listy \u017cycze\u0144<\/span><\/a><div class=\"tinv-wishlist-clear\"><\/div>\t\t<div\n\t\tclass=\"tinvwl-tooltip\">Dodaj do Listy \u017cycze\u0144<\/div>\n<\/div>\n<\/div><\/div><\/div>\t\t<\/div>\n\t\t<\/li>\n<\/ul>\n<\/div><\/div>\n\t\t\t\t<\/div>\n\t\t\t\t<\/div>\n\t\t\t\t\t<\/div>\n\t\t<\/div>\n\t\t\t\t\t<\/div>\n\t\t<\/section>\n\t\t\t\t<\/div>\n\t\t","protected":false},"excerpt":{"rendered":"","protected":false},"author":1,"featured_media":0,"parent":0,"menu_order":0,"comment_status":"closed","ping_status":"closed","template":"","meta":{"footnotes":""},"class_list":["post-590","page","type-page","status-publish","hentry"],"post-meta":{"site-container":["default"],"site-header-transparent":["default"],"site-page-header":["default"],"site-sidebar":["default"],"_elementor_template_type":["wp-post"],"_wp_page_template":["default"],"_elementor_data":["[{\"id\":\"9b73450\",\"elType\":\"section\",\"settings\":{\"layout\":\"full_width\",\"margin\":{\"unit\":\"px\",\"top\":\"0\",\"right\":0,\"bottom\":\"0\",\"left\":0,\"isLinked\":false}},\"elements\":[{\"id\":\"e4d35eb\",\"elType\":\"column\",\"settings\":{\"_column_size\":100},\"elements\":[{\"id\":\"ecb9792\",\"elType\":\"widget\",\"settings\":{\"shortcode\":\"[products limit=8 paginate=true columns=3 orderby=\\\"date\\\"]\",\"_margin\":{\"unit\":\"px\",\"top\":\"0\",\"right\":\"0\",\"bottom\":\"0\",\"left\":\"0\",\"isLinked\":true}},\"elements\":[],\"widgetType\":\"shortcode\"}],\"isInner\":false}],\"isInner\":false}]"],"_elementor_version":["3.15.0"],"_wxr_import_user_slug":["woostify","woostify","woostify","admin"],"_elementor_page_assets":["a:0:{}"],"_elementor_controls_usage":["a:3:{s:9:\"shortcode\";a:3:{s:5:\"count\";i:1;s:15:\"control_percent\";i:0;s:8:\"controls\";a:1:{s:7:\"content\";a:1:{s:17:\"section_shortcode\";a:1:{s:9:\"shortcode\";i:1;}}}}s:6:\"column\";a:3:{s:5:\"count\";i:1;s:15:\"control_percent\";i:0;s:8:\"controls\";a:0:{}}s:7:\"section\";a:3:{s:5:\"count\";i:1;s:15:\"control_percent\";i:0;s:8:\"controls\";a:0:{}}}"],"_edit_lock":["1690913195:1"],"_last_editor_used_jetpack":["block-editor"],"_edit_last":["1"],"_elementor_edit_mode":["builder"],"_elementor_css":["a:6:{s:4:\"time\";i:1714411026;s:5:\"fonts\";a:0:{}s:5:\"icons\";a:0:{}s:20:\"dynamic_elements_ids\";a:0:{}s:6:\"status\";s:4:\"file\";i:0;s:0:\"\";}"]},"yoast_head":"<!-- This site is optimized with the Yoast SEO plugin v23.3 - https:\/\/yoast.com\/wordpress\/plugins\/seo\/ -->\n<title>Shop Full Width - Wiaty samochodowe, wiaty gara\u017cowe, zadaszenia, carporty<\/title>\n<meta name=\"robots\" content=\"index, follow, max-snippet:-1, max-image-preview:large, max-video-preview:-1\" \/>\n<link rel=\"canonical\" href=\"https:\/\/carporty.pl\/index.php\/shop-full-width\/\" \/>\n<meta property=\"og:locale\" content=\"pl_PL\" \/>\n<meta property=\"og:type\" content=\"article\" \/>\n<meta property=\"og:title\" content=\"Shop Full Width - Wiaty samochodowe, wiaty gara\u017cowe, zadaszenia, carporty\" \/>\n<meta property=\"og:url\" content=\"https:\/\/carporty.pl\/index.php\/shop-full-width\/\" \/>\n<meta property=\"og:site_name\" content=\"Wiaty samochodowe, wiaty gara\u017cowe, zadaszenia, carporty\" \/>\n<meta property=\"article:publisher\" content=\"https:\/\/www.facebook.com\/carportypl\/\" \/>\n<meta property=\"article:modified_time\" content=\"2023-08-01T18:06:41+00:00\" \/>\n<meta name=\"twitter:card\" content=\"summary_large_image\" \/>\n<script type=\"application\/ld+json\" class=\"yoast-schema-graph\">{\"@context\":\"https:\/\/schema.org\",\"@graph\":[{\"@type\":\"WebPage\",\"@id\":\"https:\/\/carporty.pl\/index.php\/shop-full-width\/\",\"url\":\"https:\/\/carporty.pl\/index.php\/shop-full-width\/\",\"name\":\"Shop Full Width - Wiaty samochodowe, wiaty gara\u017cowe, zadaszenia, carporty\",\"isPartOf\":{\"@id\":\"https:\/\/carporty.pl\/#website\"},\"datePublished\":\"2019-03-08T07:02:16+00:00\",\"dateModified\":\"2023-08-01T18:06:41+00:00\",\"breadcrumb\":{\"@id\":\"https:\/\/carporty.pl\/index.php\/shop-full-width\/#breadcrumb\"},\"inLanguage\":\"pl-PL\",\"potentialAction\":[{\"@type\":\"ReadAction\",\"target\":[\"https:\/\/carporty.pl\/index.php\/shop-full-width\/\"]}]},{\"@type\":\"BreadcrumbList\",\"@id\":\"https:\/\/carporty.pl\/index.php\/shop-full-width\/#breadcrumb\",\"itemListElement\":[{\"@type\":\"ListItem\",\"position\":1,\"name\":\"Strona g\u0142\u00f3wna\",\"item\":\"https:\/\/carporty.pl\/\"},{\"@type\":\"ListItem\",\"position\":2,\"name\":\"Shop Full Width\"}]},{\"@type\":\"WebSite\",\"@id\":\"https:\/\/carporty.pl\/#website\",\"url\":\"https:\/\/carporty.pl\/\",\"name\":\"Wiaty samochodowe, wiaty gara\u017cowe, zadaszenia, carporty\",\"description\":\"Carporty producent SAWO wykonuje wiaty wielofunkcyjne na ka\u017cdy wymiar. Zadaszenia samochodowe maj\u0105 nowoczesny design i dopasowywane s\u0105 do architektury otoczenia i wygl\u0105du domu, wiaty dost\u0119pne s\u0105 w wielu formach i kszta\u0142tach.\",\"publisher\":{\"@id\":\"https:\/\/carporty.pl\/#organization\"},\"potentialAction\":[{\"@type\":\"SearchAction\",\"target\":{\"@type\":\"EntryPoint\",\"urlTemplate\":\"https:\/\/carporty.pl\/?s={search_term_string}\"},\"query-input\":\"required name=search_term_string\"}],\"inLanguage\":\"pl-PL\"},{\"@type\":\"Organization\",\"@id\":\"https:\/\/carporty.pl\/#organization\",\"name\":\"Wiaty samochodowe, zadaszenia gara\u017cowe, carporty\",\"url\":\"https:\/\/carporty.pl\/\",\"logo\":{\"@type\":\"ImageObject\",\"inLanguage\":\"pl-PL\",\"@id\":\"https:\/\/carporty.pl\/#\/schema\/logo\/image\/\",\"url\":\"https:\/\/carporty.pl\/wp-content\/uploads\/2024\/04\/logo-carporty-od-1985.png\",\"contentUrl\":\"https:\/\/carporty.pl\/wp-content\/uploads\/2024\/04\/logo-carporty-od-1985.png\",\"width\":395,\"height\":107,\"caption\":\"Wiaty samochodowe, zadaszenia gara\u017cowe, carporty\"},\"image\":{\"@id\":\"https:\/\/carporty.pl\/#\/schema\/logo\/image\/\"},\"sameAs\":[\"https:\/\/www.facebook.com\/carportypl\/\",\"https:\/\/www.instagram.com\/carporty.pl\/\"]}]}<\/script>\n<!-- \/ Yoast SEO plugin. -->","yoast_head_json":{"title":"Shop Full Width - Wiaty samochodowe, wiaty gara\u017cowe, zadaszenia, carporty","robots":{"index":"index","follow":"follow","max-snippet":"max-snippet:-1","max-image-preview":"max-image-preview:large","max-video-preview":"max-video-preview:-1"},"canonical":"https:\/\/carporty.pl\/index.php\/shop-full-width\/","og_locale":"pl_PL","og_type":"article","og_title":"Shop Full Width - Wiaty samochodowe, wiaty gara\u017cowe, zadaszenia, carporty","og_url":"https:\/\/carporty.pl\/index.php\/shop-full-width\/","og_site_name":"Wiaty samochodowe, wiaty gara\u017cowe, zadaszenia, carporty","article_publisher":"https:\/\/www.facebook.com\/carportypl\/","article_modified_time":"2023-08-01T18:06:41+00:00","twitter_card":"summary_large_image","schema":{"@context":"https:\/\/schema.org","@graph":[{"@type":"WebPage","@id":"https:\/\/carporty.pl\/index.php\/shop-full-width\/","url":"https:\/\/carporty.pl\/index.php\/shop-full-width\/","name":"Shop Full Width - Wiaty samochodowe, wiaty gara\u017cowe, zadaszenia, carporty","isPartOf":{"@id":"https:\/\/carporty.pl\/#website"},"datePublished":"2019-03-08T07:02:16+00:00","dateModified":"2023-08-01T18:06:41+00:00","breadcrumb":{"@id":"https:\/\/carporty.pl\/index.php\/shop-full-width\/#breadcrumb"},"inLanguage":"pl-PL","potentialAction":[{"@type":"ReadAction","target":["https:\/\/carporty.pl\/index.php\/shop-full-width\/"]}]},{"@type":"BreadcrumbList","@id":"https:\/\/carporty.pl\/index.php\/shop-full-width\/#breadcrumb","itemListElement":[{"@type":"ListItem","position":1,"name":"Strona g\u0142\u00f3wna","item":"https:\/\/carporty.pl\/"},{"@type":"ListItem","position":2,"name":"Shop Full Width"}]},{"@type":"WebSite","@id":"https:\/\/carporty.pl\/#website","url":"https:\/\/carporty.pl\/","name":"Wiaty samochodowe, wiaty gara\u017cowe, zadaszenia, carporty","description":"Carporty producent SAWO wykonuje wiaty wielofunkcyjne na ka\u017cdy wymiar. Zadaszenia samochodowe maj\u0105 nowoczesny design i dopasowywane s\u0105 do architektury otoczenia i wygl\u0105du domu, wiaty dost\u0119pne s\u0105 w wielu formach i kszta\u0142tach.","publisher":{"@id":"https:\/\/carporty.pl\/#organization"},"potentialAction":[{"@type":"SearchAction","target":{"@type":"EntryPoint","urlTemplate":"https:\/\/carporty.pl\/?s={search_term_string}"},"query-input":"required name=search_term_string"}],"inLanguage":"pl-PL"},{"@type":"Organization","@id":"https:\/\/carporty.pl\/#organization","name":"Wiaty samochodowe, zadaszenia gara\u017cowe, carporty","url":"https:\/\/carporty.pl\/","logo":{"@type":"ImageObject","inLanguage":"pl-PL","@id":"https:\/\/carporty.pl\/#\/schema\/logo\/image\/","url":"https:\/\/carporty.pl\/wp-content\/uploads\/2024\/04\/logo-carporty-od-1985.png","contentUrl":"https:\/\/carporty.pl\/wp-content\/uploads\/2024\/04\/logo-carporty-od-1985.png","width":395,"height":107,"caption":"Wiaty samochodowe, zadaszenia gara\u017cowe, carporty"},"image":{"@id":"https:\/\/carporty.pl\/#\/schema\/logo\/image\/"},"sameAs":["https:\/\/www.facebook.com\/carportypl\/","https:\/\/www.instagram.com\/carporty.pl\/"]}]}},"_links":{"self":[{"href":"https:\/\/carporty.pl\/index.php\/wp-json\/wp\/v2\/pages\/590"}],"collection":[{"href":"https:\/\/carporty.pl\/index.php\/wp-json\/wp\/v2\/pages"}],"about":[{"href":"https:\/\/carporty.pl\/index.php\/wp-json\/wp\/v2\/types\/page"}],"author":[{"embeddable":true,"href":"https:\/\/carporty.pl\/index.php\/wp-json\/wp\/v2\/users\/1"}],"replies":[{"embeddable":true,"href":"https:\/\/carporty.pl\/index.php\/wp-json\/wp\/v2\/comments?post=590"}],"version-history":[{"count":4,"href":"https:\/\/carporty.pl\/index.php\/wp-json\/wp\/v2\/pages\/590\/revisions"}],"predecessor-version":[{"id":4506,"href":"https:\/\/carporty.pl\/index.php\/wp-json\/wp\/v2\/pages\/590\/revisions\/4506"}],"wp:attachment":[{"href":"https:\/\/carporty.pl\/index.php\/wp-json\/wp\/v2\/media?parent=590"}],"curies":[{"name":"wp","href":"https:\/\/api.w.org\/{rel}","templated":true}]}}