{"id":1067,"date":"2020-11-19T03:53:51","date_gmt":"2020-11-19T03:53:51","guid":{"rendered":"https:\/\/demo.woostify.com\/fashion1\/shop\/"},"modified":"2020-11-19T03:53:51","modified_gmt":"2020-11-19T03:53:51","slug":"shop-2","status":"publish","type":"page","link":"https:\/\/carporty.pl\/index.php\/shop-2\/","title":{"rendered":"Shop"},"content":{"rendered":"","protected":false},"excerpt":{"rendered":"","protected":false},"author":1,"featured_media":0,"parent":0,"menu_order":0,"comment_status":"closed","ping_status":"closed","template":"","meta":{"footnotes":""},"class_list":["post-1067","page","type-page","status-publish","hentry"],"post-meta":{"_wxr_import_user_slug":["admin"]},"yoast_head":"<!-- This site is optimized with the Yoast SEO plugin v23.3 - https:\/\/yoast.com\/wordpress\/plugins\/seo\/ -->\n<title>Shop - Wiaty samochodowe, wiaty gara\u017cowe, zadaszenia, carporty<\/title>\n<meta name=\"robots\" content=\"index, follow, max-snippet:-1, max-image-preview:large, max-video-preview:-1\" \/>\n<link rel=\"canonical\" href=\"https:\/\/carporty.pl\/index.php\/shop-2\/\" \/>\n<meta property=\"og:locale\" content=\"pl_PL\" \/>\n<meta property=\"og:type\" content=\"article\" \/>\n<meta property=\"og:title\" content=\"Shop - Wiaty samochodowe, wiaty gara\u017cowe, zadaszenia, carporty\" \/>\n<meta property=\"og:url\" content=\"https:\/\/carporty.pl\/index.php\/shop-2\/\" \/>\n<meta property=\"og:site_name\" content=\"Wiaty samochodowe, wiaty gara\u017cowe, zadaszenia, carporty\" \/>\n<meta property=\"article:publisher\" content=\"https:\/\/www.facebook.com\/carportypl\/\" \/>\n<meta name=\"twitter:card\" content=\"summary_large_image\" \/>\n<script type=\"application\/ld+json\" class=\"yoast-schema-graph\">{\"@context\":\"https:\/\/schema.org\",\"@graph\":[{\"@type\":\"WebPage\",\"@id\":\"https:\/\/carporty.pl\/index.php\/shop-2\/\",\"url\":\"https:\/\/carporty.pl\/index.php\/shop-2\/\",\"name\":\"Shop - Wiaty samochodowe, wiaty gara\u017cowe, zadaszenia, carporty\",\"isPartOf\":{\"@id\":\"https:\/\/carporty.pl\/#website\"},\"datePublished\":\"2020-11-19T03:53:51+00:00\",\"dateModified\":\"2020-11-19T03:53:51+00:00\",\"breadcrumb\":{\"@id\":\"https:\/\/carporty.pl\/index.php\/shop-2\/#breadcrumb\"},\"inLanguage\":\"pl-PL\",\"potentialAction\":[{\"@type\":\"ReadAction\",\"target\":[\"https:\/\/carporty.pl\/index.php\/shop-2\/\"]}]},{\"@type\":\"BreadcrumbList\",\"@id\":\"https:\/\/carporty.pl\/index.php\/shop-2\/#breadcrumb\",\"itemListElement\":[{\"@type\":\"ListItem\",\"position\":1,\"name\":\"Strona g\u0142\u00f3wna\",\"item\":\"https:\/\/carporty.pl\/\"},{\"@type\":\"ListItem\",\"position\":2,\"name\":\"Shop\"}]},{\"@type\":\"WebSite\",\"@id\":\"https:\/\/carporty.pl\/#website\",\"url\":\"https:\/\/carporty.pl\/\",\"name\":\"Wiaty samochodowe, wiaty gara\u017cowe, zadaszenia, carporty\",\"description\":\"Carporty producent SAWO wykonuje wiaty wielofunkcyjne na ka\u017cdy wymiar. Zadaszenia samochodowe maj\u0105 nowoczesny design i dopasowywane s\u0105 do architektury otoczenia i wygl\u0105du domu, wiaty dost\u0119pne s\u0105 w wielu formach i kszta\u0142tach.\",\"publisher\":{\"@id\":\"https:\/\/carporty.pl\/#organization\"},\"potentialAction\":[{\"@type\":\"SearchAction\",\"target\":{\"@type\":\"EntryPoint\",\"urlTemplate\":\"https:\/\/carporty.pl\/?s={search_term_string}\"},\"query-input\":\"required name=search_term_string\"}],\"inLanguage\":\"pl-PL\"},{\"@type\":\"Organization\",\"@id\":\"https:\/\/carporty.pl\/#organization\",\"name\":\"Wiaty samochodowe, zadaszenia gara\u017cowe, carporty\",\"url\":\"https:\/\/carporty.pl\/\",\"logo\":{\"@type\":\"ImageObject\",\"inLanguage\":\"pl-PL\",\"@id\":\"https:\/\/carporty.pl\/#\/schema\/logo\/image\/\",\"url\":\"https:\/\/carporty.pl\/wp-content\/uploads\/2024\/04\/logo-carporty-od-1985.png\",\"contentUrl\":\"https:\/\/carporty.pl\/wp-content\/uploads\/2024\/04\/logo-carporty-od-1985.png\",\"width\":395,\"height\":107,\"caption\":\"Wiaty samochodowe, zadaszenia gara\u017cowe, carporty\"},\"image\":{\"@id\":\"https:\/\/carporty.pl\/#\/schema\/logo\/image\/\"},\"sameAs\":[\"https:\/\/www.facebook.com\/carportypl\/\",\"https:\/\/www.instagram.com\/carporty.pl\/\"]}]}<\/script>\n<!-- \/ Yoast SEO plugin. -->","yoast_head_json":{"title":"Shop - Wiaty samochodowe, wiaty gara\u017cowe, zadaszenia, carporty","robots":{"index":"index","follow":"follow","max-snippet":"max-snippet:-1","max-image-preview":"max-image-preview:large","max-video-preview":"max-video-preview:-1"},"canonical":"https:\/\/carporty.pl\/index.php\/shop-2\/","og_locale":"pl_PL","og_type":"article","og_title":"Shop - Wiaty samochodowe, wiaty gara\u017cowe, zadaszenia, carporty","og_url":"https:\/\/carporty.pl\/index.php\/shop-2\/","og_site_name":"Wiaty samochodowe, wiaty gara\u017cowe, zadaszenia, carporty","article_publisher":"https:\/\/www.facebook.com\/carportypl\/","twitter_card":"summary_large_image","schema":{"@context":"https:\/\/schema.org","@graph":[{"@type":"WebPage","@id":"https:\/\/carporty.pl\/index.php\/shop-2\/","url":"https:\/\/carporty.pl\/index.php\/shop-2\/","name":"Shop - Wiaty samochodowe, wiaty gara\u017cowe, zadaszenia, carporty","isPartOf":{"@id":"https:\/\/carporty.pl\/#website"},"datePublished":"2020-11-19T03:53:51+00:00","dateModified":"2020-11-19T03:53:51+00:00","breadcrumb":{"@id":"https:\/\/carporty.pl\/index.php\/shop-2\/#breadcrumb"},"inLanguage":"pl-PL","potentialAction":[{"@type":"ReadAction","target":["https:\/\/carporty.pl\/index.php\/shop-2\/"]}]},{"@type":"BreadcrumbList","@id":"https:\/\/carporty.pl\/index.php\/shop-2\/#breadcrumb","itemListElement":[{"@type":"ListItem","position":1,"name":"Strona g\u0142\u00f3wna","item":"https:\/\/carporty.pl\/"},{"@type":"ListItem","position":2,"name":"Shop"}]},{"@type":"WebSite","@id":"https:\/\/carporty.pl\/#website","url":"https:\/\/carporty.pl\/","name":"Wiaty samochodowe, wiaty gara\u017cowe, zadaszenia, carporty","description":"Carporty producent SAWO wykonuje wiaty wielofunkcyjne na ka\u017cdy wymiar. Zadaszenia samochodowe maj\u0105 nowoczesny design i dopasowywane s\u0105 do architektury otoczenia i wygl\u0105du domu, wiaty dost\u0119pne s\u0105 w wielu formach i kszta\u0142tach.","publisher":{"@id":"https:\/\/carporty.pl\/#organization"},"potentialAction":[{"@type":"SearchAction","target":{"@type":"EntryPoint","urlTemplate":"https:\/\/carporty.pl\/?s={search_term_string}"},"query-input":"required name=search_term_string"}],"inLanguage":"pl-PL"},{"@type":"Organization","@id":"https:\/\/carporty.pl\/#organization","name":"Wiaty samochodowe, zadaszenia gara\u017cowe, carporty","url":"https:\/\/carporty.pl\/","logo":{"@type":"ImageObject","inLanguage":"pl-PL","@id":"https:\/\/carporty.pl\/#\/schema\/logo\/image\/","url":"https:\/\/carporty.pl\/wp-content\/uploads\/2024\/04\/logo-carporty-od-1985.png","contentUrl":"https:\/\/carporty.pl\/wp-content\/uploads\/2024\/04\/logo-carporty-od-1985.png","width":395,"height":107,"caption":"Wiaty samochodowe, zadaszenia gara\u017cowe, carporty"},"image":{"@id":"https:\/\/carporty.pl\/#\/schema\/logo\/image\/"},"sameAs":["https:\/\/www.facebook.com\/carportypl\/","https:\/\/www.instagram.com\/carporty.pl\/"]}]}},"_links":{"self":[{"href":"https:\/\/carporty.pl\/index.php\/wp-json\/wp\/v2\/pages\/1067"}],"collection":[{"href":"https:\/\/carporty.pl\/index.php\/wp-json\/wp\/v2\/pages"}],"about":[{"href":"https:\/\/carporty.pl\/index.php\/wp-json\/wp\/v2\/types\/page"}],"author":[{"embeddable":true,"href":"https:\/\/carporty.pl\/index.php\/wp-json\/wp\/v2\/users\/1"}],"replies":[{"embeddable":true,"href":"https:\/\/carporty.pl\/index.php\/wp-json\/wp\/v2\/comments?post=1067"}],"version-history":[{"count":0,"href":"https:\/\/carporty.pl\/index.php\/wp-json\/wp\/v2\/pages\/1067\/revisions"}],"wp:attachment":[{"href":"https:\/\/carporty.pl\/index.php\/wp-json\/wp\/v2\/media?parent=1067"}],"curies":[{"name":"wp","href":"https:\/\/api.w.org\/{rel}","templated":true}]}}